{"id":1258,"date":"2026-01-27T22:54:07","date_gmt":"2026-01-28T04:54:07","guid":{"rendered":"https:\/\/maltrata.gob.mx\/portal\/?page_id=1258"},"modified":"2026-01-27T23:17:46","modified_gmt":"2026-01-28T05:17:46","slug":"escudo-de-maltrata","status":"publish","type":"page","link":"https:\/\/maltrata.gob.mx\/portal\/escudo-de-maltrata\/","title":{"rendered":"Escudo de Maltrata"},"content":{"rendered":"\t\t<div data-elementor-type=\"wp-page\" data-elementor-id=\"1258\" class=\"elementor elementor-1258\" data-elementor-post-type=\"page\">\n\t\t\t\t<div class=\"elementor-element elementor-element-183fb587 e-flex e-con-boxed e-con e-parent\" data-id=\"183fb587\" data-element_type=\"container\" data-e-type=\"container\" data-settings=\"{&quot;background_background&quot;:&quot;classic&quot;}\">\n\t\t\t\t\t<div class=\"e-con-inner\">\n\t\t\t\t<div class=\"elementor-element elementor-element-716e5099 elementor-widget elementor-widget-heading\" data-id=\"716e5099\" data-element_type=\"widget\" data-e-type=\"widget\" data-widget_type=\"heading.default\">\n\t\t\t\t\t<h2 class=\"elementor-heading-title elementor-size-default\">Escudo de Maltrata<\/h2>\t\t\t\t<\/div>\n\t\t\t\t\t<\/div>\n\t\t\t\t<\/div>\n\t\t<div class=\"elementor-element elementor-element-4c8facb9 e-flex e-con-boxed e-con e-parent\" data-id=\"4c8facb9\" data-element_type=\"container\" data-e-type=\"container\">\n\t\t\t\t\t<div class=\"e-con-inner\">\n\t\t<div class=\"elementor-element elementor-element-18bf0518 e-con-full e-flex e-con e-child\" data-id=\"18bf0518\" data-element_type=\"container\" data-e-type=\"container\" data-settings=\"{&quot;background_background&quot;:&quot;classic&quot;}\">\n\t\t\t\t<div class=\"elementor-element elementor-element-39087462 elementor-widget elementor-widget-heading\" data-id=\"39087462\" data-element_type=\"widget\" data-e-type=\"widget\" data-widget_type=\"heading.default\">\n\t\t\t\t\t<h2 class=\"elementor-heading-title elementor-size-default\">H<\/h2>\t\t\t\t<\/div>\n\t\t\t\t<\/div>\n\t\t<div class=\"elementor-element elementor-element-59487a04 e-con-full e-flex e-con e-child\" data-id=\"59487a04\" data-element_type=\"container\" data-e-type=\"container\">\n\t\t\t\t<div class=\"elementor-element elementor-element-5b116c5 elementor-widget elementor-widget-heading\" data-id=\"5b116c5\" data-element_type=\"widget\" data-e-type=\"widget\" data-widget_type=\"heading.default\">\n\t\t\t\t\t<h2 class=\"elementor-heading-title elementor-size-default\">Historia y Significado del Escudo de Maltrata, Veracruz<\/h2>\t\t\t\t<\/div>\n\t\t\t\t<div class=\"elementor-element elementor-element-e72bcf7 elementor-widget elementor-widget-image\" data-id=\"e72bcf7\" data-element_type=\"widget\" data-e-type=\"widget\" data-widget_type=\"image.default\">\n\t\t\t\t\t\t\t\t\t\t\t\t\t\t\t<img fetchpriority=\"high\" decoding=\"async\" width=\"783\" height=\"1024\" src=\"https:\/\/maltrata.gob.mx\/portal\/wp-content\/uploads\/2026\/01\/Escudo-Original-IA-Chico-783x1024.png\" class=\"attachment-large size-large wp-image-1265\" alt=\"\" srcset=\"https:\/\/maltrata.gob.mx\/portal\/wp-content\/uploads\/2026\/01\/Escudo-Original-IA-Chico-783x1024.png 783w, https:\/\/maltrata.gob.mx\/portal\/wp-content\/uploads\/2026\/01\/Escudo-Original-IA-Chico-229x300.png 229w, https:\/\/maltrata.gob.mx\/portal\/wp-content\/uploads\/2026\/01\/Escudo-Original-IA-Chico-768x1004.png 768w, https:\/\/maltrata.gob.mx\/portal\/wp-content\/uploads\/2026\/01\/Escudo-Original-IA-Chico.png 910w\" sizes=\"(max-width: 783px) 100vw, 783px\" \/>\t\t\t\t\t\t\t\t\t\t\t\t\t\t\t<\/div>\n\t\t\t\t<div class=\"elementor-element elementor-element-4a6c87d2 elementor-widget elementor-widget-text-editor\" data-id=\"4a6c87d2\" data-element_type=\"widget\" data-e-type=\"widget\" data-widget_type=\"text-editor.default\">\n\t\t\t\t\t\t\t\t\t<p data-start=\"251\" data-end=\"622\">El <strong data-start=\"254\" data-end=\"286\">Escudo Municipal de Maltrata<\/strong> es el s\u00edmbolo her\u00e1ldico que representa la identidad, historia, actividad econ\u00f3mica y la riqueza cultural de este municipio veracruzano, y est\u00e1 definido por las propias autoridades municipales en el <strong data-start=\"485\" data-end=\"530\">Bando de Polic\u00eda y Gobierno del Municipio<\/strong> como el emblema oficial que distingue a la comunidad.<\/p><h3 data-start=\"624\" data-end=\"663\">\ud83e\uddf1 <strong data-start=\"631\" data-end=\"663\">Forma y elementos del escudo<\/strong><\/h3><p data-start=\"664\" data-end=\"768\">El escudo se compone de <strong data-start=\"688\" data-end=\"767\">tres cuadros que encierran diversos elementos representativos del municipio<\/strong>:<\/p><ul data-start=\"770\" data-end=\"1662\"><li data-start=\"770\" data-end=\"1079\"><p data-start=\"772\" data-end=\"1079\"><strong data-start=\"772\" data-end=\"793\">El cuadro central<\/strong> incluye una <strong data-start=\"806\" data-end=\"842\">edificaci\u00f3n en forma de pir\u00e1mide<\/strong>, que simboliza la actividad principal de la poblaci\u00f3n: la <strong data-start=\"901\" data-end=\"948\">elaboraci\u00f3n tradicional de tabique de barro<\/strong>, una de las actividades econ\u00f3micas m\u00e1s importantes hist\u00f3ricamente para la gente de Maltrata.<\/p><\/li><li data-start=\"1081\" data-end=\"1345\"><p data-start=\"1083\" data-end=\"1345\"><strong data-start=\"1083\" data-end=\"1108\">Los cuadros laterales<\/strong> representan otras actividades fundamentales, entre ellas <strong data-start=\"1166\" data-end=\"1184\">la agricultura<\/strong>, que ha sido una base econ\u00f3mica relevante local y un elemento importante en la vida cotidiana y el desarrollo comunitario.<\/p><\/li><li data-start=\"1347\" data-end=\"1662\"><p data-start=\"1349\" data-end=\"1662\">El escudo tambi\u00e9n incorpora s\u00edmbolos relacionados con <strong data-start=\"1403\" data-end=\"1434\">los vestigios arqueol\u00f3gicos<\/strong> y las culturas que habitaron la regi\u00f3n desde \u00e9pocas prehisp\u00e1nicas, destacando la importancia hist\u00f3rica y cultural del municipio y sus conexiones con el pasado antiguo del Valle de Maltrata.<\/p><\/li><\/ul><h3 data-start=\"1664\" data-end=\"1695\">\ud83e\udded <strong data-start=\"1671\" data-end=\"1695\">Identidad e historia<\/strong><\/h3><p data-start=\"1696\" data-end=\"2111\">El empleo de estos elementos \u2014actividad productiva, agricultura y herencia arqueol\u00f3gica\u2014 encapsula la trayectoria hist\u00f3rica de Maltrata como un lugar de trabajo duro, tradici\u00f3n y continuidad cultural a trav\u00e9s del tiempo. Esta representaci\u00f3n busca recordar tanto el pasado ind\u00edgena y colonial como la forma en que las comunidades han construido su identidad hasta la actualidad.<\/p><h3 data-start=\"2113\" data-end=\"2139\">\ud83d\udccc <strong data-start=\"2120\" data-end=\"2139\">Uso y legalidad<\/strong><\/h3><p data-start=\"2140\" data-end=\"2377\">El Bando Municipal se\u00f1ala que el escudo es el <strong data-start=\"2186\" data-end=\"2234\">s\u00edmbolo representativo oficial del municipio<\/strong> y que su reproducci\u00f3n queda reservada para documentos, veh\u00edculos, avisos y letreros de car\u00e1cter oficial.<\/p>\t\t\t\t\t\t\t\t<\/div>\n\t\t\t\t<\/div>\n\t\t\t\t\t<\/div>\n\t\t\t\t<\/div>\n\t\t\t\t<\/div>\n\t\t","protected":false},"excerpt":{"rendered":"<p>Escudo de Maltrata H Historia y Significado del Escudo de Maltrata, Veracruz El Escudo Municipal de Maltrata es el s\u00edmbolo her\u00e1ldico que representa la identidad, historia, actividad econ\u00f3mica y la riqueza cultural de este municipio veracruzano, y est\u00e1 definido por las propias autoridades municipales en el Bando de Polic\u00eda y Gobierno del Municipio como el [&hellip;]<\/p>\n","protected":false},"author":1,"featured_media":0,"parent":0,"menu_order":0,"comment_status":"closed","ping_status":"closed","template":"elementor_header_footer","meta":{"footnotes":""},"class_list":["post-1258","page","type-page","status-publish","hentry"],"_links":{"self":[{"href":"https:\/\/maltrata.gob.mx\/portal\/wp-json\/wp\/v2\/pages\/1258","targetHints":{"allow":["GET"]}}],"collection":[{"href":"https:\/\/maltrata.gob.mx\/portal\/wp-json\/wp\/v2\/pages"}],"about":[{"href":"https:\/\/maltrata.gob.mx\/portal\/wp-json\/wp\/v2\/types\/page"}],"author":[{"embeddable":true,"href":"https:\/\/maltrata.gob.mx\/portal\/wp-json\/wp\/v2\/users\/1"}],"replies":[{"embeddable":true,"href":"https:\/\/maltrata.gob.mx\/portal\/wp-json\/wp\/v2\/comments?post=1258"}],"version-history":[{"count":7,"href":"https:\/\/maltrata.gob.mx\/portal\/wp-json\/wp\/v2\/pages\/1258\/revisions"}],"predecessor-version":[{"id":1268,"href":"https:\/\/maltrata.gob.mx\/portal\/wp-json\/wp\/v2\/pages\/1258\/revisions\/1268"}],"wp:attachment":[{"href":"https:\/\/maltrata.gob.mx\/portal\/wp-json\/wp\/v2\/media?parent=1258"}],"curies":[{"name":"wp","href":"https:\/\/api.w.org\/{rel}","templated":true}]}}